 - -52) + -5.
41
(134 - 136) + (1 - -1 - -5) - -61
66
44 + 18 + 4 + -30
36
Evaluate 95 - (-22 + 0 - ((-6 - 13) + 4) - -16).
86
-58 - ((47 - -50) + -238)
83
Calculate (30 + -100 - -64) + (-1 - -12) - (26 + -1).
-20
Calculate (-12 + -3 - -13 - (3 - 42)) + (-4 - 2).
31
What is -49 + (-90 - (-40 + -28))?
-71
Calculate -75 - (-15 - (22 - 38)).
-76
5 + 1 + -2 + (-288 - -294) - (-73 - -49)
34
Calculate (12 - 0) + -217 + 219 + -2 + -99.
-87
What is 172 - (36 + (-11 - -12 - 14))?
149
-3 + -28 + -2 + 20 + 19 + (-4 - -2)
4
What is the value of 4 + 34 + -2 - ((19 - 1) + (-81 - -55))?
44
What is 12 + -24 + 29 - -12?
29
-15 + 2 + ((2 - 8) + 18 - -53)
52
Evaluate 19 + 11 + -31 + 6.
5
2 - (-3 - 4) - (-1220 - -1290)
-61
Calculate 19 + (208 + -228 - (5 - 13)).
7
Calculate (10 + 92 - 68) + (28 - 4).
58
(-16 - 5) + 13 - 11 - (-6 + 3 + -2)
-14
Evaluate (-70 + 4 - (66 - 40)) + 25.
-67
Calculate 141 + -45 + -62 + -79.
-45
Evaluate -22 - (14 + 52) - ((-14 - -26) + -21).
-79
What is 5 - (2 + 18 - 10) - (-12 - 19 - -12)?
14
What is the value of (-92 - (-118 + -10)) + 103 + -7?
132
Evaluate 38 - (-22 + (-2 - -13) + 9 + -1).
41
What is the value of -7 + 22 + -10 + -10 + 23?
18
Calculate 8 + 33 + -11 + 191 + -127.
94
What is the value of (15 - (-3 + 1)) + (241 - 512 - -174)?
-80
Evaluate -42 - (-37 + -38 - 19).
52
What is the value of 74 - 69 - ((-2 - 3 - 3) + -95 + 131)?
-23
What is (-100 - -114) + (-65 - -51)?
0
Evaluate (-27 - 12) + -8 + 19 - -15.
-13
What is -7 - -22 - ((10 - -3) + -33)?
35
What is 9 + (4 - (63 + (5 - 24)))?
-31
What is -14 - (-7 + -13) - 5 - -34?
35
What is the value of 2 - -76 - (1307 + -1254)?
25
Calculate -10 + -15 + 8 - (-13 + 26 - 0).
-30
What is 1 + 3 - ((-1 - 6) + (-340 - -272))?
79
What is the value of -62 - (-22 + -24) - -6?
-10
Calculate 25 + (-9 - ((2 - 2) + 16 + -25)).
25
What is -361 + 358 - (8 + (-1 - -4 - 5)) - 8?
-17
25 + -49 + (25 - (10 - 5))
-4
Evaluate (-1 - -4 - (-86 + 36 - -53) - 10) + -1.
-11
Calculate 3 + -3 + 78 + (-139 - -62) + 79.
80
Evaluate 1 - 8 - (109 - (32 + -26)).
-110
-41 - -31 - -18 - (4 + 2 + -1 - -128)
-125
64 + (20 - ((52 - 1) + -4)) + 16
53
Evaluate 4 - ((123 - -22) + 11) - (-18 - 0).
-134
Calculate -57 + (6 - (-44 + 39)).
-46
What is -7 + (-30 - -19) + (3 - -26) - 2?
9
What is 819 - 794 - (-2 - 0)?
27
What is (-60 - (-33 - 26)) + 56?
55
Calculate -26 + 31 + (112 - 31) + (-10 - (-2 + 1)).
77
81 + -20 + (-103 - -47)
5
Calculate 1 - (-144 - (-71 - 0)).
74
What is -67 - (-47 - 65) - (8 + 2)?
35
What is (4 - 3) + -56 + (3 + -11 - 8)?
-71
Evaluate (74 + -24 - 32) + -5.
13
Calculate 84 + -28 - -48 - 2.
102
Calculate (-2 - (-2 - 6)) + 82 + (-48 - 44).
-4
What is -2432 + 2366 + (1 - 0) + (2 - 0)?
-63
Evaluate 6 + 72 - -5 - (19 - (28 - 13)).
79
Evaluate (110 + -108 - (19 + -6)) + (0 - 0) + 5.
-6
Calculate -1 - -60 - (10 - 1) - (-10 + 9).
51
2 + -12 + 2 + (35 - (-67 - -75))
19
Calculate 149 + -140 + (1 - (-7 + 3)).
14
Evaluate (-15 - 23 - -5) + 37 + -26.
-22
Calculate 11 - (-17 + -71 + -4) - 33.
70
What is 3 - (11 + -80 + 20 - -21)?
31
What is the value of -20 + (-16 + (10 - 21) + 8 - -87)?
48
-11 + 63 + 18 - 152
-82
What is the value of (7 - (-7 - 20)) + (143 - 130)?
47
What is ((1 - -3) + (-20 - 16) + 28 - 11) + -31?
-46
Evaluate -1 + (-1 - -41) + -1 - (21 - (-15 - -44)).
46
What is the value of 4 - 1 - 91 - (-14 - -55 - 43)?
-86
Evaluate 10 + -7 + 16 + 1 + -145 + 132.
7
-43078 + 43078 + (-114 + -1 + -2 - (4 + -2))
-119
Calculate 52 + (6 - (-17 - -33)).
42
Calculate 75 + (-54 + 3 - -11) + -8.
27
What is 82 + -40 + -99 + 46?
-11
Calculate -12 - (-96 - (2 + (12 - 31) + -1)).
66
-1 + 19 + -20 + 3 + (59 - (-4 + 1))
63
Calculate (0 - -53) + (1 + 21 - (-360 + 363)).
72
Calculate 95 + -14 - (120 + -14).
-25
What is the value of -30 - (-147 - -26 - 14) - 30?
75
Evaluate (-672 - -637 - (-49 - -2)) + -95.
-83
Calculate 21 + 0 + (-39 - -17) + 46.
45
-3 - 4 - -20 - 2 - (11 + (-4 - -2))
2
-94 + 64 + -41 + 67 - (18 - (0 + 1))
-21
Evaluate -40 + (-8 - ((36 - 44) + (1 - 2)) - 1).
-40
Calculate 131 - ((-1 + 44 - (314 + -296)) + -14).
120
Evaluate (11 + 11 + -7 + -4 - 69) + (-12 - 0).
-70
(-2 - -37) + (1332 - 1376)
-9
What is the value of -21 + ((-4 - 12) + 15 - -2)?
-20
What is (11 - (-1 - 3) - -4) + 26?
45
Evaluate 86 + (47 - (-15 - -61)).
87
What is the value of 392 - 341 - (-3 + 35)?
19
Evaluate 51 + -27 + -16 - (-5 + 15).
-2
Calculate -15 + (1 + (31 - -40) - 33).
24
Evaluate -24 + 12 + 6 - (-3 + -7) - (67 - -16).
-79
What is (6473 - 6485) + (3 - 101 - -3)?
-107
-50 + 65 + (2 - -9) + 14
40
What is the value of -16 + 58 + -11 + -40 + 67?
58
21 + -14 + (-50 - -12)
-31
-81 + -19 - -5 - (-21 + 11)
-85
What is (-129 - -50) + 9 + -6 + -22 - -16?
-82
What is the value of 31 - (8 - 17 - (0 + 11))?
51
What is the value of -1 + 7 + 13 + -17 + -5 + 83?
80
What is (0 + -1 - 10 - 4) + (818 - 813)?
-10
Calculate 49 + -7 + 5 + -25 + 3 - (7 - 2).
20
Evaluate (-783 - -817) + (17 - 3).
48
What is -90 - -89 - (20 + -17 - (10 - 0))?
6
Evaluate (-8 - 0) + -9 + (10 - 19) + 10.
-16
Calculate 35 + (-10 + 32 - 44) + 33.
46
What is the value of -55 - (11 - 36) - 50 - 14?
-94
Evaluate 34 + (87 - ((-9 - -13) + 36)).
81
Calculate 11 - (2 - -3 - (3 - (7 + -19))).
21
What is 14 + -4 + 9 + -7 + -70 + 91?
33
(-6 - (9 - -32)) + 105
58
(10 - (-20 - -17)) + -30 + 0 - -50
33
What is the value of (295 - (-214 + 589)) + (0 - (1 - 1))?
-80
What is 3 + 47 - 54 - -8?
4
Calculate (-16 - -45 - -32) + -33.
28
Evaluate (0 - -21) + 1 + (1727 - 1748).
1
34 - (7 + 68 - -29 - -12)
-82
Evaluate -73 + (-78 + 27 - -77).
-47
What is the value of 13 - 3 - 18 - (-45 + 6 + -11 + 6)?
36
Calculate -3 - (138 - 15) - -114.
-12
What is 27 - ((-68 - -53) + 4 + -8 + 5)?
41
-26 + -44 + 25 + -13
-58
(0 + 10 - (-14 + -14 - -10 - 10)) + 10
48
Calculate -1 + 2 - ((143 - (-10 - 12) - 24) + -25).
-115
What is the value of 52 + (-32 - (-15 - 7))?
42
Evaluate 0 - (-15 + 4 + -6 - (-18 - -5)).
4
Evaluate (-5 + 9 - -13 - 33) + -24.
-40
Calculate -40 + 63 + -50 + -17.
-44
Evaluate 2 - 0 - (-14 + 1 + (-104 - -81) + 31).
7
-93 + (-58 - -138) + -8 + 3
-18
Calculate 9 + (-18 - (-11 - 12)) + -16.
-2
What is 57 - 1 - (27 - -98)?
-69
What is (1 - 33 - (-71 + 62)) + 14 + (-6 - -2)?
-13
25 - (-1 + -2 + 26 + -19)
21
What is -46 + -1 + (-667 - -775)?
61
What is the value of -25 - (-28 - 26) - (30 - 3)?
2
-2080 + 2173 + (1 - 17)
77
7 - 0 - ((50 - 106) + 42) - 12
9
What is 75 - 168 - 71 - -92?
-72
Calculate (18 - (-17 + (-9 - -109))) + -16 - (-4 + 17).
-94
Calculate -84 + 46 + 11 - (-3 + (-3 - -6) - 11).
-16
Evaluate -8 - (-1078 + 1067 - (-15 - 0)).
-12
What is (-13 - (-10 + -2 + -9)) + (-70 - 1)?
-63
Calculate -48 + -19 + -20 + -9 + 34.
-62
52 + (52 + -29 - 89)
-14
What is 3 - 41 - (3 - -1)?
-42
What is (-44 - -206 - 215) + (0 - 3)?
-56
Calculate (-39 - 11) + (-4 + -3 - -25).
-32
1 - -156 - (185 - (204 - 49))
127
(52 - (-18 + 45)) + (0 - 0 - 15) - 110
-100
Evaluate (1629 - 1663) + (1 + 6 - (-1 + 0 + 0)).
-26
What is -2 - (7 + -13 + 12 - (42 - -5)) - 3?
36
What is (-3 - 4 - 0 - (16 - (-7 - -24))) + 51?
45
Calculate (1 - 0) + (-9 - (-31 + 18 + 1)) + 7.
11
(-2 - 41) + -39 + 79
-3
What is the value of (178 - (112 + -42)) + -73?
35
-55 + (-34 - -47) - -2
-40
Calculate 10 - (3 - ((-3 - (8 - 14 - -2)) + 6)).
14
Calculate (1 - -47) + 14 + (92 - 123).
31
What is 0 - (1 - (4 + (-4 - (12 - 12))))?
-1
Evaluate -15 - (2 - (-13 + 45 - 13)) - 12.
-10
What is the value of -1 + 11 - (45 + (-39 - 26) + 26)?
4
4 - -1 - (12 - (-8 + 12)) - -3
0
Calculate -159 - -155 - (-55 + 2 - 10).
59
What is (1 - -78) + (275 - 347)?
7
Calculate (-5 - 2) + -5 + 10 + (81 - (-2 + 4)).
77
Evaluate -2 - (-80 - (-13 + 14 - -1 - -13)).
93
-78 + 6 + (-23 - -28) + -18 + 28
-57
Calculate 0 + 6 - (-63 - -70 - 46).
45
What is (-124 - -244) + -118 - -70?
72
Calculate -40 + 54 - (59 + -56 + -61 + 0).
72
Calculate (0 - -32) + 674 + -709.
-3
(-59 - (6 + -51)) + 1 + 0 + 11 + -3
-5
Calculate -102 + 37 + -21 + 42.
-44
What is the value of -606 + 589 + (-2 - -44)?
25
Calculate -69 - (35 - 29) - -9.
-66
What is the value of (-36 - (-29 + 8)) + 27 + 4?
16
Calculate 56 - (-2 + 6) - (10 + -11) - -8.
61
What is the value of -1 - ((11 - 14 - -1) + -1 + -3)?
5
-66 + 2 + (4 - 2) - (-10 - (-27 + 19))
-60
What is 164 + -94 + -55 + 28?
43
Evaluate -1 + 87 + 3452 + -3413.
125
Evalua